{"id":43,"date":"2021-12-06T01:12:11","date_gmt":"2021-12-06T01:12:11","guid":{"rendered":"http:\/\/krausshenke.com\/?page_id=43"},"modified":"2021-12-06T03:08:32","modified_gmt":"2021-12-06T03:08:32","slug":"mallometros","status":"publish","type":"page","link":"https:\/\/krausshenke.com\/index.php\/mallometros\/","title":{"rendered":"Mall\u00f3metros"},"content":{"rendered":"\n<figure class=\"wp-block-image size-large is-style-rounded\"><img decoding=\"async\" loading=\"lazy\" width=\"666\" height=\"1024\" src=\"http:\/\/krausshenke.com\/wp-content\/uploads\/2021\/12\/Mallometro-666x1024.jpeg\" alt=\"\" class=\"wp-image-81\" srcset=\"https:\/\/krausshenke.com\/wp-content\/uploads\/2021\/12\/Mallometro-666x1024.jpeg 666w, https:\/\/krausshenke.com\/wp-content\/uploads\/2021\/12\/Mallometro-195x300.jpeg 195w, https:\/\/krausshenke.com\/wp-content\/uploads\/2021\/12\/Mallometro.jpeg 719w\" sizes=\"(max-width: 666px) 100vw, 666px\" \/><\/figure>\n\n\n\n<p>Instrumento para medir la longitud extendida de las mallas de las redes de pescar<\/p>\n\n\n\n<p>Mall\u00f3metro de una sola pieza, f\u00e1cil de transportar y resistente al agua de mar.<br>Mediciones desde 10mm hasta 120 mm con numeraci\u00f3n en pares y divisiones cada 1mm<br>Material: Aluminio de 2mm en color azul en ba\u00f1o electroqu\u00edmico para mayor dureza.<br>Grabado en alta tecnolog\u00eda de precisi\u00f3n.<br>F\u00e1cil de sujetar en el extremo y con cavidad en el centro del Mall\u00f3metro para facilitar mediciones menores.<br>Con perforaci\u00f3n en la parte superior para poder ser colgado.<br>Incluye n\u00famero de serie<\/p>\n\n\n\n<p>Lectura: Mediciones desde 10mm hasta 120 mm con numeraci\u00f3n en pares y divisiones cada 1mm<br>Acabado resistente: Resiste totalmente el agua salada del mar.<br>Fabricado en aluminio en color azul, con ba\u00f1o electro qu\u00edmico y grabado con proceso de alta tecnolog\u00eda.<br>F\u00e1cil transporte<br>Con sujetador en extremo y en el centro del mall\u00f3metro.<br>Con agujero en la parte superior para poder ser colgado.<\/p>\n","protected":false},"excerpt":{"rendered":"<p>Instrumento para medir la longitud extendida de las mallas de las redes de pescar Mall\u00f3metro de una sola pieza, f\u00e1cil de transportar y resistente al agua de mar.Mediciones desde 10mm hasta 120 mm con numeraci\u00f3n en pares y divisiones cada 1mmMaterial: Aluminio de 2mm en color azul en ba\u00f1o electroqu\u00edmico para mayor dureza.Grabado en alta &hellip; <\/p>\n<p class=\"link-more\"><a href=\"https:\/\/krausshenke.com\/index.php\/mallometros\/\" class=\"more-link\">Read more<span class=\"screen-reader-text\"> &#8220;Mall\u00f3metros&#8221;<\/span><\/a><\/p>\n","protected":false},"author":1,"featured_media":0,"parent":0,"menu_order":0,"comment_status":"closed","ping_status":"closed","template":"","meta":{"om_disable_all_campaigns":false,"_monsterinsights_skip_tracking":false,"_monsterinsights_sitenote_active":false,"_monsterinsights_sitenote_note":"","_monsterinsights_sitenote_category":0,"_joinchat":[]},"_links":{"self":[{"href":"https:\/\/krausshenke.com\/index.php\/wp-json\/wp\/v2\/pages\/43"}],"collection":[{"href":"https:\/\/krausshenke.com\/index.php\/wp-json\/wp\/v2\/pages"}],"about":[{"href":"https:\/\/krausshenke.com\/index.php\/wp-json\/wp\/v2\/types\/page"}],"author":[{"embeddable":true,"href":"https:\/\/krausshenke.com\/index.php\/wp-json\/wp\/v2\/users\/1"}],"replies":[{"embeddable":true,"href":"https:\/\/krausshenke.com\/index.php\/wp-json\/wp\/v2\/comments?post=43"}],"version-history":[{"count":2,"href":"https:\/\/krausshenke.com\/index.php\/wp-json\/wp\/v2\/pages\/43\/revisions"}],"predecessor-version":[{"id":83,"href":"https:\/\/krausshenke.com\/index.php\/wp-json\/wp\/v2\/pages\/43\/revisions\/83"}],"wp:attachment":[{"href":"https:\/\/krausshenke.com\/index.php\/wp-json\/wp\/v2\/media?parent=43"}],"curies":[{"name":"wp","href":"https:\/\/api.w.org\/{rel}","templated":true}]}}