{"id":29,"date":"2021-12-06T00:34:20","date_gmt":"2021-12-06T00:34:20","guid":{"rendered":"http:\/\/krausshenke.com\/?page_id=29"},"modified":"2021-12-06T00:34:20","modified_gmt":"2021-12-06T00:34:20","slug":"ictiometros-para-peces-alto-andinos-y-amazonicos","status":"publish","type":"page","link":"https:\/\/krausshenke.com\/index.php\/ictiometros-para-peces-alto-andinos-y-amazonicos\/","title":{"rendered":"Icti\u00f3metros para peces Alto andinos y Amaz\u00f3nicos"},"content":{"rendered":"\n<figure class=\"wp-block-image size-large is-style-rounded\"><img decoding=\"async\" loading=\"lazy\" width=\"1024\" height=\"578\" src=\"http:\/\/krausshenke.com\/wp-content\/uploads\/2021\/12\/Ictiometro-rio-40M-1024x578.jpg\" alt=\"\" class=\"wp-image-30\" srcset=\"https:\/\/krausshenke.com\/wp-content\/uploads\/2021\/12\/Ictiometro-rio-40M-1024x578.jpg 1024w, https:\/\/krausshenke.com\/wp-content\/uploads\/2021\/12\/Ictiometro-rio-40M-300x169.jpg 300w, https:\/\/krausshenke.com\/wp-content\/uploads\/2021\/12\/Ictiometro-rio-40M-768x433.jpg 768w, https:\/\/krausshenke.com\/wp-content\/uploads\/2021\/12\/Ictiometro-rio-40M.jpg 1223w\" sizes=\"(max-width: 1024px) 100vw, 1024px\" \/><figcaption>Para medici\u00f3n de peces de r\u00edo de 0 &#8211; 40 cm, con divisiones 1 mm en el rango de 0cm a 5cm para alevines y divisiones cada 0.5 cm en el rango de 0 a 40cm.<br>Mide alevinos, juveniles y adultos.<br>Profesional, de precisi\u00f3n, de mejor acabado\u2026.\u00a1El m\u00e1s resistente de los Icti\u00f3metros!<br>Resiste totalmente el agua.<br>Grabado con procesos de alta tecnolog\u00eda<br>Material: 100% aluminio en todas sus partes (inoxidable)<br>Con ba\u00f1o electroqu\u00edmico azul que brinda mayor resistencia al aluminio<br>Icti\u00f3metro con forma de M preparado para que no acumule agua en plataforma.<\/figcaption><\/figure>\n\n\n\n<p><\/p>\n","protected":false},"excerpt":{"rendered":"","protected":false},"author":1,"featured_media":0,"parent":0,"menu_order":0,"comment_status":"closed","ping_status":"closed","template":"","meta":{"om_disable_all_campaigns":false,"_monsterinsights_skip_tracking":false,"_monsterinsights_sitenote_active":false,"_monsterinsights_sitenote_note":"","_monsterinsights_sitenote_category":0,"_joinchat":[]},"_links":{"self":[{"href":"https:\/\/krausshenke.com\/index.php\/wp-json\/wp\/v2\/pages\/29"}],"collection":[{"href":"https:\/\/krausshenke.com\/index.php\/wp-json\/wp\/v2\/pages"}],"about":[{"href":"https:\/\/krausshenke.com\/index.php\/wp-json\/wp\/v2\/types\/page"}],"author":[{"embeddable":true,"href":"https:\/\/krausshenke.com\/index.php\/wp-json\/wp\/v2\/users\/1"}],"replies":[{"embeddable":true,"href":"https:\/\/krausshenke.com\/index.php\/wp-json\/wp\/v2\/comments?post=29"}],"version-history":[{"count":1,"href":"https:\/\/krausshenke.com\/index.php\/wp-json\/wp\/v2\/pages\/29\/revisions"}],"predecessor-version":[{"id":31,"href":"https:\/\/krausshenke.com\/index.php\/wp-json\/wp\/v2\/pages\/29\/revisions\/31"}],"wp:attachment":[{"href":"https:\/\/krausshenke.com\/index.php\/wp-json\/wp\/v2\/media?parent=29"}],"curies":[{"name":"wp","href":"https:\/\/api.w.org\/{rel}","templated":true}]}}