{"id":23,"date":"2021-12-06T00:26:56","date_gmt":"2021-12-06T00:26:56","guid":{"rendered":"http:\/\/krausshenke.com\/?page_id=23"},"modified":"2021-12-06T03:19:46","modified_gmt":"2021-12-06T03:19:46","slug":"ictiometros-para-peces-de-mar","status":"publish","type":"page","link":"https:\/\/krausshenke.com\/index.php\/ictiometros-para-peces-de-mar\/","title":{"rendered":"Icti\u00f3metros para peces de mar"},"content":{"rendered":"\n<figure class=\"wp-block-image size-full is-style-rounded\"><img decoding=\"async\" loading=\"lazy\" width=\"1024\" height=\"768\" src=\"http:\/\/krausshenke.com\/wp-content\/uploads\/2021\/12\/Ictio\u0301metro_Anchoveta.jpeg\" alt=\"\" class=\"wp-image-25\" srcset=\"https:\/\/krausshenke.com\/wp-content\/uploads\/2021\/12\/Ictio\u0301metro_Anchoveta.jpeg 1024w, https:\/\/krausshenke.com\/wp-content\/uploads\/2021\/12\/Ictio\u0301metro_Anchoveta-300x225.jpeg 300w, https:\/\/krausshenke.com\/wp-content\/uploads\/2021\/12\/Ictio\u0301metro_Anchoveta-768x576.jpeg 768w\" sizes=\"(max-width: 1024px) 100vw, 1024px\" \/><\/figure>\n\n\n\n<figure class=\"wp-block-table is-style-stripes\"><table><tbody><tr><td><strong>Modelo<\/strong><\/td><td><strong>Descripci\u00f3n<\/strong><\/td><\/tr><tr><td>KH-ANCHOVETA-22<\/td><td>Lectura especialmente dise\u00f1ada para Anchoveta<br>Con desfase de 2.5mm para medici\u00f3n de Anchoveta y en escala entre 3 y 22cm con divisiones de 0.5cm.<br>Posee marcas visuales que diferencian los cent\u00edmetros de los medios cent\u00edmetros.<br>Acabado resistente:<br>Grabado con alta tecnolog\u00eda enteramente en aluminio extruido de 5cm de ancho en color azul.<br>F\u00e1cil de transportar:<br>Su tama\u00f1o peque\u00f1o de un total de 38cm de longitud permite su transportaci\u00f3n sencilla.<\/td><\/tr><tr><td>KH-PISCIS-35-22<\/td><td>Icti\u00f3metro dise\u00f1ado para medici\u00f3n de peces hasta de 35cm.<br>Con divisiones cada 0.5cm<br>Posibilidad lectura a la horquilla y 3-22 (Anchoveta con desfase de 2.5mm) con divisiones de 0.5 cm<br>Posee marcas visuales que diferencian los cent\u00edmetros de los medios cent\u00edmetros.<br>Acabado resistente<br>Grabado con alta tecnolog\u00eda enteramente en aluminio en color azul.<br>F\u00e1cil de transportar<br><\/td><\/tr><tr><td><meta charset=\"utf-8\">KH-PISCIS-50-22<\/td><td><meta charset=\"utf-8\">Icti\u00f3metro dise\u00f1ado para medici\u00f3n de peces hasta de 50cm.<br>Con divisiones cada 0.5cm<br>Posibilidad lectura a la horquilla y 3-22 (Anchoveta con desfase de 2.5mm) con divisiones de 0.5 cm<br>Posee marcas visuales que diferencian los cent\u00edmetros de los medios cent\u00edmetros.<br>Acabado resistente<br>Grabado con alta tecnolog\u00eda enteramente en aluminio en color azul.<\/td><\/tr><tr><td><meta charset=\"utf-8\">KH-PISCIS-60-22<\/td><td><meta charset=\"utf-8\">Icti\u00f3metro dise\u00f1ado para medici\u00f3n de peces hasta de 60cm.<br>Con divisiones cada 0.5cm<br>Posibilidad lectura a la horquilla y 3-22 (Anchoveta con desfase de 2.5mm) con divisiones de 0.5 cm<br>Posee marcas visuales que diferencian los cent\u00edmetros de los medios cent\u00edmetros.<br>Acabado resistente<br>Grabado con alta tecnolog\u00eda enteramente en aluminio en color azul.<\/td><\/tr><tr><td><meta charset=\"utf-8\">KH-PISCIS-70-22<\/td><td><meta charset=\"utf-8\">Icti\u00f3metro dise\u00f1ado para medici\u00f3n de peces hasta de 70cm.<br>Con divisiones cada 0.5cm<br>Posibilidad lectura a la horquilla y 3-22 (Anchoveta con desfase de 2.5mm) con divisiones de 0.5 cm<br>Posee marcas visuales que diferencian los cent\u00edmetros de los medios cent\u00edmetros.<br>Acabado resistente<br>Grabado con alta tecnolog\u00eda enteramente en aluminio en color azul.<\/td><\/tr><tr><td><meta charset=\"utf-8\">KH-PISCIS-80-22<\/td><td><meta charset=\"utf-8\">Icti\u00f3metro dise\u00f1ado para medici\u00f3n de peces hasta de 80cm.<br>Con divisiones cada 0.5cm<br>Posibilidad lectura a la horquilla y 3-22 (Anchoveta<meta charset=\"utf-8\"> con desfase de 2.5mm) con divisiones de 0.5 cm<br>Posee marcas visuales que diferencian los cent\u00edmetros de los medios cent\u00edmetros.<br>Acabado resistente<br>Grabado con alta tecnolog\u00eda enteramente en aluminio en color azul.<\/td><\/tr><tr><td><meta charset=\"utf-8\">KH-PISCIS-100-22<\/td><td><meta charset=\"utf-8\">Icti\u00f3metro dise\u00f1ado para medici\u00f3n de peces hasta de 100cm.<br>Con divisiones cada 0.5cm<br>Posibilidad lectura a la horquilla y 3-22 (Anchoveta<meta charset=\"utf-8\"> con desfase de 2.5mm) con divisiones de 0.5 cm<br>Posee marcas visuales que diferencian los cent\u00edmetros de los medios cent\u00edmetros.<br>Acabado resistente<br>Grabado con alta tecnolog\u00eda enteramente en aluminio en color azul.<\/td><\/tr><tr><td><meta charset=\"utf-8\">KH-PISCIS-120<\/td><td><meta charset=\"utf-8\">Icti\u00f3metro dise\u00f1ado para medici\u00f3n de peces hasta de 120cm.<br>Con divisiones cada 0.5cm<br>Posibilidad lectura a la horquilla y 3-22 (Anchoveta<meta charset=\"utf-8\"> con desfase de 2.5mm) con divisiones de 0.5 cm<br>Posee marcas visuales que diferencian los cent\u00edmetros de los medios cent\u00edmetros.<br>Acabado resistente<br>Grabado con alta tecnolog\u00eda enteramente en aluminio en color azul.<\/td><\/tr><tr><td>KH-PISCIS-150<\/td><td><meta charset=\"utf-8\">Icti\u00f3metro dise\u00f1ado para medici\u00f3n de peces hasta de 35cm.<br>Con divisiones cada 0.5cm<br>Posibilidad lectura a la horquilla.<br>Posee marcas visuales que diferencian los cent\u00edmetros de los medios cent\u00edmetros.<br>Acabado resistente<br>Grabado con alta tecnolog\u00eda enteramente en aluminio en color negro.<\/td><\/tr><\/tbody><\/table><\/figure>\n","protected":false},"excerpt":{"rendered":"<p>Modelo Descripci\u00f3n KH-ANCHOVETA-22 Lectura especialmente dise\u00f1ada para AnchovetaCon desfase de 2.5mm para medici\u00f3n de Anchoveta y en escala entre 3 y 22cm con divisiones de 0.5cm.Posee marcas visuales que diferencian los cent\u00edmetros de los medios cent\u00edmetros.Acabado resistente:Grabado con alta tecnolog\u00eda enteramente en aluminio extruido de 5cm de ancho en color azul.F\u00e1cil de transportar:Su tama\u00f1o peque\u00f1o &hellip; <\/p>\n<p class=\"link-more\"><a href=\"https:\/\/krausshenke.com\/index.php\/ictiometros-para-peces-de-mar\/\" class=\"more-link\">Read more<span class=\"screen-reader-text\"> &#8220;Icti\u00f3metros para peces de mar&#8221;<\/span><\/a><\/p>\n","protected":false},"author":1,"featured_media":0,"parent":0,"menu_order":0,"comment_status":"closed","ping_status":"closed","template":"","meta":{"om_disable_all_campaigns":false,"_monsterinsights_skip_tracking":false,"_monsterinsights_sitenote_active":false,"_monsterinsights_sitenote_note":"","_monsterinsights_sitenote_category":0,"_joinchat":[]},"_links":{"self":[{"href":"https:\/\/krausshenke.com\/index.php\/wp-json\/wp\/v2\/pages\/23"}],"collection":[{"href":"https:\/\/krausshenke.com\/index.php\/wp-json\/wp\/v2\/pages"}],"about":[{"href":"https:\/\/krausshenke.com\/index.php\/wp-json\/wp\/v2\/types\/page"}],"author":[{"embeddable":true,"href":"https:\/\/krausshenke.com\/index.php\/wp-json\/wp\/v2\/users\/1"}],"replies":[{"embeddable":true,"href":"https:\/\/krausshenke.com\/index.php\/wp-json\/wp\/v2\/comments?post=23"}],"version-history":[{"count":7,"href":"https:\/\/krausshenke.com\/index.php\/wp-json\/wp\/v2\/pages\/23\/revisions"}],"predecessor-version":[{"id":88,"href":"https:\/\/krausshenke.com\/index.php\/wp-json\/wp\/v2\/pages\/23\/revisions\/88"}],"wp:attachment":[{"href":"https:\/\/krausshenke.com\/index.php\/wp-json\/wp\/v2\/media?parent=23"}],"curies":[{"name":"wp","href":"https:\/\/api.w.org\/{rel}","templated":true}]}}